**2 + 80*h - 1426. Determine p(26).
-22
Let m(a) = -42*a**3 - 178*a**2 + 4*a. Determine m(-4).
-176
Let o(u) = -6*u**2 + 57*u + 153. Calculate o(-3).
-72
Let t(c) = c**3 + 33*c**2 + 26*c + 49. Calculate t(-32).
241
Let t(s) = -6*s**2 - 147*s + 4407. Calculate t(-42).
-3
Let j(m) = 4*m**3 - 44*m**2 + 14*m - 157. What is j(11)?
-3
Let l(n) = 362*n - 1076. Determine l(3).
10
Let c(q) = q**2 - 4*q - 534. What is c(24)?
-54
Let t(q) = q**2 - 54*q + 563. What is t(14)?
3
Let d(n) = -6847*n - 47929. Give d(-7).
0
Let z(h) = h**3 - 24*h**2 - 101*h + 120. Give z(28).
428
Let t(y) = -3*y**2 + 2067*y - 6186. What is t(3)?
-12
Let p(b) = b**3 - 13*b**2 - 2*b - 176. Give p(14).
-8
Let v(a) = 68*a**2 + 32*a + 91. Determine v(-3).
607
Let z(y) = y**3 - 51*y**2 - 835*y - 34. Give z(-13).
5
Let z(c) = -139*c + 2365. Determine z(17).
2
Let g(a) = a**3 - 23*a**2 + 61*a. What is g(20)?
20
Let j(k) = -5*k**2 + 544*k + 126. Determine j(109).
17
Let w(r) = 316*r - 23644. Determine w(75).
56
Let d(w) = 4*w**2 + 215*w + 117. What is d(-53)?
-42
Let h(n) = -98*n + 209. Determine h(2).
13
Let k(x) = 3*x**2 - 47*x + 141. Give k(12).
9
Let s(i) = i**3 - 15*i**2 + 78*i - 281. Give s(13).
395
Let a(s) = 36*s**2 - 341*s + 469. Give a(8).
45
Let a(v) = -7*v**2 + 130*v - 36. Calculate a(10).
564
Let s(w) = -2*w**3 - 39*w**2 + 158*w - 73. Give s(-23).
-4
Let o(t) = t**3 + 23*t**2 + 8*t + 56. Calculate o(-23).
-128
Let c(o) = o**3 - 21*o**2 - 47*o + 92. Calculate c(23).
69
Let b(z) = -188*z + 7336. Determine b(39).
4
Let j(y) = 1776*y + 5320. What is j(-3)?
-8
Let m(q) = -1728*q**2 + 65665*q - 36. Give m(38).
2
Let u(v) = -79*v - 5. Calculate u(-1).
74
Let p(a) = -2*a**3 + 13*a**2 - 27*a + 329. What is p(8)?
-79
Let j(w) = -14*w**3 + 146*w**2 - 57*w + 17. Calculate j(10).
47
Let u(w) = -w**3 + 54*w**2 + 158*w + 762. What is u(57)?
21
Let t(f) = 10*f**2 - 333*f + 660. Calculate t(2).
34
Let j(a) = -61*a + 170. What is j(7)?
-257
Let h(i) = i**3 - 12*i**2 - 36*i - 74. Determine h(14).
-186
Let q(n) = 3*n - 115. What is q(-22)?
-181
Let j(a) = 88*a**3 + 4*a**2 + 3*a + 1. Calculate j(-2).
-693
Let w(g) = -13*g**2 + 117*g - 8. Determine w(9).
-8
Let u(k) = k**2 + 917*k - 8221. Give u(9).
113
Let v(c) = -18*c**2 - 230*c + 53. Calculate v(-13).
1
Let i(n) = -2*n**3 - 2*n**2 + 4*n - 623. What is i(0)?
-623
Let d(q) = -16*q + 7. What is d(-5)?
87
Let m(d) = -10*d + 192. What is m(37)?
-178
Let g(w) = -3*w**2 - 83*w - 426. Calculate g(-7).
8
Let k(t) = -70*t + 825. What is k(12)?
-15
Let s(u) = -u**2 + 33*u + 82. Give s(31).
144
Let d(i) = -i**3 - 66*i**2 - 146*i - 5305. Give d(-65).
-40
Let y(b) = b**3 + 8*b**2 - 44*b - 333. What is y(-8)?
19
Let u(x) = x**3 - 22*x**2 + 4*x + 21. Give u(22).
109
Let n(k) = 88*k**2 + 1057*k + 3. Give n(-12).
-9
Let j(m) = -312*m + 468. Determine j(2).
-156
Let j(s) = -169*s + 22175. Calculate j(131).
36
Let a(f) = f**3 + 117*f**2 - 113*f + 590. Calculate a(-118).
0
Let c(z) = 42*z + 1450. Calculate c(-36).
-62
Let g(v) = -3*v**2 + 219*v - 2188. Give g(61).
8
Let p(s) = 13*s**3 + 311*s**2 + 275*s - 26. Calculate p(-23).
-3
Let q(n) = 28*n**2 + 1202*n - 90. What is q(-43)?
-4
Let w(s) = -311*s + 1282. Give w(5).
-273
Let z(o) = 2*o**3 - 8*o**2 - 11*o + 1. Determine z(5).
-4
Let r(p) = p**3 + 24*p**2 + 127*p - 29. What is r(-13)?
179
Let b(a) = a**3 + 20*a**2 - 41*a + 13. Give b(-22).
-53
Let m(j) = 4403*j + 17611. Calculate m(-4).
-1
Let j(d) = d**3 - 8*d**2 + 7*d + 42. Give j(7).
42
Let l(m) = 2*m**2 + 165*m - 695. Determine l(4).
-3
Let h(n) = 176*n + 3738. Give h(-22).
-134
Let n(q) = 127*q + 2556. What is n(-20)?
16
Let f(l) = 2*l**2 - 6*l - 166. What is f(0)?
-166
Let n(y) = 27*y**2 + 116*y + 219. What is n(-2)?
95
Let a(p) = -2*p**2 + 83*p - 176. Calculate a(45).
-491
Let x(r) = r**3 - 38*r**2 + 227*r - 63. Calculate x(30).
-453
Let t(p) = -1445*p + 184. What is t(1)?
-1261
Let u(o) = -489*o - 2871. Give u(-6).
63
Let a(k) = -k**3 + 177*k**2 + 354*k + 717. Determine a(179).
1
Let m(a) = -10*a - 146. Give m(-6).
-86
Let z(q) = 9*q**2 - 75*q - 553. What is z(13)?
-7
Let j(r) = -2*r**3 + 416*r + 834. What is j(-2)?
18
Let o(a) = -238*a + 2388. What is o(10)?
8
Let l(n) = n**3 - 3*n**2 + 30*n - 88. Give l(3).
2
Let x(j) = j**3 - 50*j**2 - 156*j - 63. Give x(53).
96
Let t(m) = -543*m**2 - 46*m + 46. Give t(1).
-543
Let a(t) = -2*t**2 + 22*t + 3016. Calculate a(-34).
-44
Let k(r) = -4*r**2 + 373*r + 1548. Calculate k(-4).
-8
Let y(m) = 14*m**2 + 62*m - 2. Determine y(-5).
38
Let r(p) = p**2 + 11*p - 44. Determine r(-12).
-32
Let l(r) = 54*r - 1076. Give l(36).
868
Let d(x) = 6*x**2 + 4*x - 67. Calculate d(-14).
1053
Let f(t) = -t**3 - 18*t**2 - 36*t + 86. Calculate f(-16).
150
Let i(r) = r**3 + 7*r**2 - 22*r - 186. What is i(-5)?
-26
Let r(l) = 3*l**3 + 9*l**2 - 25*l - 54. Calculate r(-4).
-2
Let x(q) = 104*q + 3245. Give x(-31).
21
Let w(y) = -y**2 + 19*y + 12. Determine w(-6).
-138
Let g(q) = -2*q**3 + 45*q**2 - 67*q + 110. Give g(21).
26
Let n(i) = 2*i**2 + 32*i - 104. What is n(5)?
106
Let m(w) = -149*w**3 + 27*w + 28. Calculate m(-1).
150
Let b(i) = 7*i**2 - 6*i + 12. What is b(2)?
28
Let j(v) = 150*v + 2174. Calculate j(-15).
-76
Let x(l) = 3*l**2 - 12*l - 160. Determine x(10).
20
Let c(s) = s**3 + 15*s**2 + 45*s - 6. Calculate c(-4).
-10
Let b(u) = -301*u - 50889. Give b(-169).
-20
Let c(k) = -10*k**3 - 201*k**2 - 23*k - 53. Give c(-20).
7
Let z(x) = -2*x**3 - 60*x**2 - 57*x + 41. Give z(-29).
12
Let f(c) = -c**2 - 5*c - 42. Calculate f(-8).
-66
Let n(v) = -v**3 - 11*v**2 - 15*v - 9. Calculate n(-6).
-99
Let x(s) = -s**3 - 3*s**2 + 70*s - 156. Calculate x(4).
12
Let q(i) = i**3 + 32*i**2 + 53*i - 163. Give q(-30).
47
Let k(v) = -35*v - 55. What is k(1)?
-90
Let q(x) = -47*x**3 + 941*x**2 - 18*x - 42. Give q(20).
-2
Let m(f) = 9*f**3 + 67*f**2 - 20*f + 153. Calculate m(-8).
-7
Let g(o) = 7*o**2 - 66*o + 137. Calculate g(5).
-18
Let z(w) = w**3 - 54*w**2 - 67*w + 668. Determine z(55).
8
Let u(s) = -205*s - 27. What is u(0)?
-27
Let j(d) = d**3 - 17*d**2 - 18*d + 547. Determine j(16).
3
Let q(w) = -550*w + 164455. Give q(299).
5
Let t(v) = v**3 + 3*v**2 - 16*v - 19. Determine t(-4).
29
Let l(w) = -14*w**2 + 4*w + 14. Determine l(5).
-316
Let z(c) = -c**3 - 8*c**2 + 8*c - 13. What is z(-9)?
-4
Let m(f) = -f**3 - 94*f**2 - 359*f + 158. Calculate m(-90).
68
Let c(y) = -6*y**2 - 58*y - 56. Calculate c(-1).
-4
Let n(r) = 59*r + 1688. What is n(-21)?
449
Let i(k) = -2285*k - 29704. Determine i(-13).
1
Let o(s) = -255*s - 4407. What is o(-17)?
-72
Let q(z) = -49*z + 13. Determine q(-2).
111
Let y(f) = -f**3 - 12*f**2 + 362*f + 46. Calculate y(14).
18
Let o(n) = -n**3 + 22*n**2 + 464*n + 31. What is o(-13)?
-86
Let t(x) = x**2 - 8*x - 102. What is t(16)?
26
Let k(o) = -4*o**2 + 778*o + 3977. Give k(-5).
-13
Let n(u) = -u - 9. What is n(-27)?
18
Let x(r) = -6*r**2 - r + 75. What is x(0)?
75
Let r(p) = 4*p**3 + 16*p**2 + 7*p + 27. What is r(-4)?
-1
Let i(o) = 4*o**2 - 74*o + 197. Give i(16).
37
Let u(b) = 5*b - 243. What is u(46)?
-13
Let a(m) = 358*m**2 + 7156*m - 14. Give a(-20).
66
Let n(x) = 3*x**2 + 32*x + 42. Give n(0).
42
Let b(q) = 2*q**3 + 18*q**2 - 5*q - 43. What is b(-9)?
2
Let r(m) = 22*m + 60. What is r(-4)?
-28
Let k(u) = 25*u - 157. Determine k(8).
43
Let x(q) = -q**2 - 186*q - 5885. Determine x(-145).
60
Let c(w) = 20*w - 520. Calculate c(31).
100
Let t(f) = -620*f - 6364. Calculate t(-10).
-164
Let l(z) = 5*z - 67. Give l(3).
-52
Let t(r) = -110*r - 3186. Give t(-29).
4
Let k(m) = m**2 - 3*m + 3. Determine k(4).
7
Let n(a) = -4*a**3 + 429*a**2 - 948*a + 290. What is n(105)?
-25
Let d(m) = 159*m - 3981. Give d(25).
-6
Let t(l) = -3*l**2 + 9*l + 12. Give t(2).
18
Let h(d) = d**2 + 37*d + 353. Calculate h(-26).
67
Let o(l) = 88*l + 509. What is o(-5)?
69
Let h(b) = 2*b**2 - 80*b - 516. What is h(-6)?
36
Let b(a) = a**2 + 17*a + 17. Determine b(5).
127
Let f(g) = g**3 + 9*g**2 - 25*g - 169. Calculate f(-10).
-19
Let r(t) = -t**2 - 69*t - 821. Calculate r(-42).
313
Let i(u) = -u**3 - 7*u**2 + 25*u + 210. What is i(-6)?
24
Let y(x) = x**2 - 259*x + 4771. Calculate y(20).
-9
Let m(t) = -52*t + 238. What is m(5)?
-22
Let h(t) = 2*t**3 - 50*t**2 + 17*t + 57. What is h(24)?
-687
Let z(w) = 328*w + 1618. Determine z(-5).
-22
Let r(h) = -2*h - 10. Give 